prime factors of 466038.
2, 3, 17, 1523
What are the prime factors of 61830?
2, 3, 5, 229
What are the prime factors of 977053?
7, 11, 12689
What are the prime factors of 13444169?
109, 123341
What are the prime factors of 150583?
150583
What are the prime factors of 7657383?
3, 2552461
What are the prime factors of 308020?
2, 5, 15401
What are the prime factors of 160908?
2, 3, 11, 23, 53
List the prime factors of 5170856.
2, 17, 193, 197
List the prime factors of 16487812.
2, 11, 61, 6143
What are the prime factors of 136068?
2, 3, 17, 23, 29
List the prime factors of 8530217.
23, 370879
What are the prime factors of 64216?
2, 23, 349
What are the prime factors of 141174?
2, 3, 11, 23, 31
List the prime factors of 2644999.
7, 79, 4783
What are the prime factors of 1464786?
2, 3, 19, 4283
What are the prime factors of 29592?
2, 3, 137
List the prime factors of 90736.
2, 53, 107
What are the prime factors of 320270?
2, 5, 32027
What are the prime factors of 2116084?
2, 71, 7451
What are the prime factors of 13748?
2, 7, 491
List the prime factors of 105425.
5, 4217
List the prime factors of 6558776.
2, 7, 173, 677
List the prime factors of 4180729.
7, 41, 2081
List the prime factors of 159889.
281, 569
List the prime factors of 214185.
3, 5, 109, 131
What are the prime factors of 2641343?
23, 41, 2801
What are the prime factors of 3299271?
3, 1099757
List the prime factors of 3375963.
3, 23, 47, 347
What are the prime factors of 804546?
2, 3, 47, 317
What are the prime factors of 758624?
2, 151, 157
What are the prime factors of 278513?
41, 6793
List the prime factors of 3499641.
3, 43, 9043
List the prime factors of 339447.
3, 113149
List the prime factors of 7188306.
2, 3, 1198051
List the prime factors of 3402594.
2, 3, 13, 37, 131
What are the prime factors of 10399525?
5, 503, 827
What are the prime factors of 344215?
5, 43, 1601
What are the prime factors of 789534?
2, 3, 14621
List the prime factors of 5993382.
2, 3, 998897
What are the prime factors of 1005962?
2, 151, 3331
List the prime factors of 293811.
3, 7, 17, 823
What are the prime factors of 22870?
2, 5, 2287
What are the prime factors of 4402928?
2, 275183
List the prime factors of 271615.
5, 54323
List the prime factors of 864449.
864449
List the prime factors of 7495204.
2, 79, 23719
What are the prime factors of 1522634?
2, 73, 10429
What are the prime factors of 1522174?
2, 761087
List the prime factors of 302269.
11, 27479
List the prime factors of 6583951.
11, 598541
List the prime factors of 44324.
2, 7, 1583
List the prime factors of 825224.
2, 29, 3557
List the prime factors of 216716.
2, 17, 3187
What are the prime factors of 4629408?
2, 3, 7, 83
What are the prime factors of 973349?
13, 74873
List the prime factors of 559558.
2, 279779
What are the prime factors of 139480?
2, 5, 11, 317
List the prime factors of 3170361.
3, 607, 1741
List the prime factors of 738143.
7, 105449
What are the prime factors of 16330239?
3, 43, 42197
What are the prime factors of 17899487?
17, 331, 3181
What are the prime factors of 730023?
3, 7, 34763
What are the prime factors of 19837326?
2, 3, 137, 24133
What are the prime factors of 9443219?
2417, 3907
What are the prime factors of 302782?
2, 151391
What are the prime factors of 4517405?
5, 47, 409
What are the prime factors of 1676186?
2, 838093
List the prime factors of 277187.
109, 2543
What are the prime factors of 6926184?
2, 3, 19, 61, 83
List the prime factors of 522936.
2, 3, 269
List the prime factors of 8795958.
2, 3, 1465993
What are the prime factors of 3187658?
2, 373, 4273
What are the prime factors of 1052188?
2, 263047
List the prime factors of 956972.
2, 239243
What are the prime factors of 8899492?
2, 7, 317839
List the prime factors of 477518.
2, 238759
List the prime factors of 504271.
17, 29663
What are the prime factors of 126803?
17, 7459
List the prime factors of 1166032.
2, 7, 29, 359
List the prime factors of 178342.
2, 23, 3877
List the prime factors of 319200.
2, 3, 5, 7, 19
What are the prime factors of 397014?
2, 3, 66169
What are the prime factors of 16446043?
41, 89, 4507
What are the prime factors of 1534500?
2, 3, 5, 11, 31
List the prime factors of 6386656.
2, 199583
List the prime factors of 5285878.
2, 13, 17, 11959
List the prime factors of 229934.
2, 114967
What are the prime factors of 14103488?
2, 7, 31481
List the prime factors of 3705415.
5, 7, 23, 4603
List the prime factors of 144546.
2, 3, 24091
List the prime factors of 461155.
5, 149, 619
What are the prime factors of 40739137?
571, 71347
List the prime factors of 191821.
7, 67, 409
List the prime factors of 638050.
2, 5, 7, 1823
What are the prime factors of 8389930?
2, 5, 838993
List the prime factors of 1043529.
3, 137, 2539
What are the prime factors of 63835?
5, 17, 751
List the prime factors of 659344.
2, 7, 29
What are the prime factors of 804362?
2, 13, 30937
List the prime factors of 10532104.
2, 11, 29, 4127
List the prime factors of 12342002.
2, 6171001
What are the prime factors of 9977836?
2, 11, 226769
What are the prime factors of 10375901?
10375901
List the prime factors of 923793.
3, 13, 23687
List the prime factors of 864724.
2, 7, 89, 347
What are the prime factors of 385245?
3, 5, 7, 1223
List the prime factors of 2252000.
2, 5, 563
What are the prime factors of 725041?
725041
List the prime factors of 413785.
5, 82757
What are the prime factors of 25244347?
97, 2683
What are the prime factors of 42746?
2, 11, 29, 67
List the prime factors of 4368965.
5, 23, 37991
What are the prime factors of 21462855?
3, 5, 1430857
List the prime factors of 743601.
3, 311, 797
What are the prime factors of 131228?
2, 53, 619
What are the prime factors of 287368?
2, 17, 2113
List the prime factors of 27405.
3, 5, 7, 29
What are the prime factors of 6987430?
2, 5, 67, 10429
List the prime factors of 11206307.
7, 1600901
List the prime factors of 27301938.
2, 3, 4550323
What are the prime factors of 308667?
3, 31, 3319
What are the prime factors of 334588?
2, 233, 359
What are the prime factors of 415051?
7, 13, 4561
What are the prime factors of 286605?
3, 5, 11, 193
What are the prime factors of 1316072?
2, 17, 9677
List the prime factors of 1578321.
3, 157, 1117
What are the prime factors of 5850214?
2, 19, 153953
What are the prime factors of 518269?
47, 11027
What are the prime factors of 16185138?
2, 3, 1097, 2459
List the prime factors of 12695499.
3, 47, 30013
What are the prime factors of 10401128?
2, 1300141
What are the prime factors of 311316?
2, 3, 25943
What are the prime factors of 16064517?
3, 7, 764977
List the prime factors of 41655.
3, 5, 2777
List the prime factors of 334825.
5, 59, 227
What are the prime factors of 18223124?
2, 271, 16811
What are the prime factors of 293745?
3, 5, 19583
What are the prime factors of 10496151?
3, 19, 61381
List the prime factors of 7082989.
29, 467, 523
What are the prime factors of 255336?
2, 3, 10639
List the prime factors of 461758.
2, 11, 139, 151
What are the prime factors of 1928242?
2, 17, 56713
What are the prime factors of 187005?
3, 5, 7, 13, 137
What are the prime factors of 1883288?
2, 11, 21401
What are the prime factors of 82824?
2, 3, 7, 17, 29
List the prime factors of 115971.
3, 29, 31, 43
List the prime factors of 713256.
2, 3, 113, 263
List the prime factors of 183276.
2, 3, 1697
What are the prime factors of 37619597?
2551, 14747
What are the prime factors of 2151981?
3, 13, 6131
What are the prime factors of 119948?
2, 157, 191
List the prime factors of 44781.
3, 11, 23, 59
List the prime factors of 1356860.
2, 5, 67843
List the prime factors of 2008623.
3, 19, 131, 269
List the prime factors of 63602.
2, 7, 11, 59
List the prime factors of 455926.
2, 311, 733
List the prime factors of 243302.
2, 239, 509
List the prime factors of 660407.
11, 60037
What are the prime factors of 42763?
7, 41, 149
List the prime factors of 3970759.
13, 31, 59, 167
List the prime factors of 4098839.
4098839
What are the prime factors of 19572385?
5, 7, 559211
What are the prime factors of 658714?
2, 7, 47051
What are the prime factors of 1607327?
1607327
List the prime factors of 13777155.
3, 5, 7, 61, 239
What are the prime factors of 4805975?
5, 192239
What are the prime